(y)?
2, 13
Let p = -55 - 21. What are the prime factors of (-2)/(-2) - (p + 14)?
3, 7
Suppose 4*z = 5*d - 135, -2*z + d - 2*d = 57. What are the prime factors of 1/5 + (-294)/z?
2, 5
Suppose -b = -4*b + 15. List the prime factors of 373/(-10)*-2 - (-2)/b.
3, 5
Let p(x) = -x**2 + 6*x - 2. Let f be p(4). Suppose -3*w + f = -2*i - 105, 5*i - 37 = -w. List the prime factors of w.
37
Let m(w) = 148*w**2 + 17*w - 26. List the prime factors of m(2).
2, 3, 5
Let y(d) = d**2 - 13*d + 6. Let s be y(7). Let r = s - -62. What are the prime factors of r?
2, 13
Let y(g) = g**2 - 8*g - 3. Let s be y(4). Let h(b) = b**2 + 9*b + 1. List the prime factors of h(s).
191
Let l(y) = y**3 + 15*y**2 + 12*y - 12. Let h be -18 - 4*(-3 + 2). What are the prime factors of l(h)?
2
Let w be (1 + 33 - -3)*1. Suppose 4*c + 117 - w = 0. Let k = 52 + c. What are the prime factors of k?
2
Suppose -34 = 3*a + 527. Let c = -92 - a. List the prime factors of c.
5, 19
Suppose 984 = t + 3*i, 0 = 4*t + 2*i - 394 - 3552. What are the prime factors of t?
3, 7, 47
Suppose -r - 3*x + 4*x + 1573 = 0, -2*r = 4*x - 3158. List the prime factors of r.
3, 5, 7
Suppose 1 = -b, -2*x - 4*b + 277 = 21. List the prime factors of x.
2, 5, 13
Suppose 3*o - 84 = -0*o. Suppose -b + 4*r + 17 = 0, -5*b + 2*r = r - o. Suppose 64 = 2*z + z + 2*m, -4*z + 116 = -b*m. List the prime factors of z.
2, 3
List the prime factors of (1*-911)/(3/(-3)).
911
Suppose u + 906 = 5*j, -j - 7*u + 3*u = -198. Let r = j - 92. List the prime factors of r.
2, 3, 5
Suppose -2*k = u - 3*u + 194, -3*u - 5*k = -315. Let o = u - 26. What are the prime factors of o?
2, 37
Suppose -4 = 3*o - 16. Suppose o*s - 185 = -s. Let j = -19 + s. What are the prime factors of j?
2, 3
Suppose 6*r - 1684 + 148 = 0. What are the prime factors of r?
2
Suppose 29*s - 1660 = 24*s. List the prime factors of s.
2, 83
Let d = 2528 + -1383. List the prime factors of d.
5, 229
Suppose -23*c + 29*c - 7440 = 0. What are the prime factors of c?
2, 5, 31
Let p = -554 + 621. What are the prime factors of p?
67
Let x(c) = 18*c**2 - 22*c**2 - 4*c + 15*c**2 - 4 + 4*c**2. What are the prime factors of x(2)?
2, 3
Let t be 1*2 - (-8 - (-30)/6). What are the prime factors of (-1)/t*-6*495/6?
3, 11
Suppose -c + 8 = c. List the prime factors of 8/c + 61 + -1.
2, 31
Suppose -5*r - 44 = -5*t - 244, t + 5*r + 22 = 0. Let w = t + 57. What are the prime factors of w?
2, 5
Suppose 4957 = -32*w + 26621. What are the prime factors of w?
677
Let s(d) = -54*d + 62. List the prime factors of s(-5).
2, 83
Suppose 0 = -228*b + 224*b + 352. What are the prime factors of b?
2, 11
Suppose 0 = 5*l - 7 - 13, -804 = -2*o - l. What are the prime factors of o?
2, 5
Let k(i) be the first derivative of i**2/2 + 6*i - 1. Let b be k(0). Suppose b*r - 5*r - 13 = 0. List the prime factors of r.
13
Let o be (1 - -2)*56/6. Suppose 4*b + 28 + o = 5*a, b = 2*a - 23. List the prime factors of a.
2, 3
Let n(c) = -17*c - 11. Let y = -58 + 52. What are the prime factors of n(y)?
7, 13
Let v be 7/5 + 39/65. Suppose -3*b + i + 0*i + 5 = 0, i + 3 = v*b. Let y(q) = 6*q**3 - q**2 - 3*q + 1. What are the prime factors of y(b)?
3, 13
Let o = 449 + 39. What are the prime factors of o?
2, 61
Suppose -3*b - 696 = 2*q - 5362, 0 = -5*q + 2*b + 11646. What are the prime factors of q?
2, 5, 233
Let v(b) = 15*b**2 - 11*b + 14. List the prime factors of v(4).
2, 3, 5, 7
Let a be 692/6 + (-12)/(-18). Let o = a + -47. What are the prime factors of o?
3, 23
Let r = -74 - -81. Suppose -3*v + r*v = 212. List the prime factors of v.
53
Let o(a) = a**2 - a + 3. Let n be o(8). Let k = -27 + n. List the prime factors of k.
2
Suppose 6*k + 370 = 9*k + 4*g, 2*k + 3*g = 245. What are the prime factors of k?
2, 5, 13
Let o = -923 + 1133. List the prime factors of o.
2, 3, 5, 7
Let n(z) = 7*z - 18. Suppose 8 = 2*m - 4*q, 2*q + 22 = 5*m - m. List the prime factors of n(m).
2, 3
Let a(c) = c - 13. Let q be a(5). List the prime factors of 1492/6 - q/6.
2, 5
Suppose -g + 26 = 5*a, 4*g + 1 = 5*g. Suppose -5*p - 17 = -i + 4*i, 20 = -a*p. Suppose 5*r = 41 - i. List the prime factors of r.
2
Let v(y) = 55*y + 199. What are the prime factors of v(6)?
23
Let f(u) = 110*u**2 + 22*u - 23. List the prime factors of f(1).
109
Suppose -2*c - c + 3*m = 39, -c - 3*m - 5 = 0. List the prime factors of -5*c*(-3)/(-3).
5, 11
Let h be (9 + -11)/(-1 - 246/(-250)). Suppose h + 231 = 4*j. List the prime factors of j.
89
Suppose 0 = -31*u + 28425 + 38132. List the prime factors of u.
19, 113
Suppose 4*i = -3*d + 6*d - 784, d + 4*i - 240 = 0. What are the prime factors of d?
2
Let a(u) = u**3 + 6*u**2 - 7*u + 5. Let r be a(-7). Let j = 12 + r. List the prime factors of j.
17
Let f = -884 + 888. Suppose r = 43 + 5. Suppose -5*v = 2*m - v - r, -f*v + 8 = 0. List the prime factors of m.
2, 5
Let g be 2/(-2)*-4 + (-2 - 10). Suppose -5*n + 0*n + 160 = 0. Let v = g + n. List the prime factors of v.
2, 3
Let m(t) = -t**3 + 9*t**2 + 4*t. Let r(o) = -o**3 + o**2 + 9. Let s be r(0). Let g be m(s). Suppose 2*n = 4*n - g. What are the prime factors of n?
2, 3
Suppose 5*d = 15 - 200. Let q = -20 - d. List the prime factors of q.
17
Let t(f) = -2*f + 11. Let j(y) = 7 + 6*y - 14 + 5. Let l be j(-1). List the prime factors of t(l).
3
Let k(b) = -b**2 + 3*b + 4. Let w be k(3). Suppose 8*m = 4*m + w. List the prime factors of 35*m + -3 + 6.
2, 19
Suppose -4*b + h + 691 = 0, 0*h = -3*h + 3. What are the prime factors of b?
173
Let b = 9 + -4. Suppose -5*p + 625 = b*v, 3*v = 4*p + 82 - 575. What are the prime factors of p?
2, 31
Let k = -24 - -26. Suppose -4*h - 172 = -7*h + s, -k*h + 123 = s. List the prime factors of h.
59
Let k = -291 - -322. Suppose 4*o - 23 = 5. Suppose k = j - o. What are the prime factors of j?
2, 19
Let o = -399 - -3158. List the prime factors of o.
31, 89
Let g = -59 - -63. Suppose -2*c + g = -6. List the prime factors of c.
5
Let s = -694 + 1400. List the prime factors of s.
2, 353
Suppose 0 = -8*g + 28 + 36. What are the prime factors of (50/g)/((-10)/(-40))?
5
Suppose 3*d = 4*i + 694, -4*d - 23*i + 25*i = -922. What are the prime factors of d?
2, 5, 23
Let l = -2954 - -5188. List the prime factors of l.
2, 1117
Suppose -4*u + 17 - 1 = 0. Suppose -4*h + 212 = u. What are the prime factors of h?
2, 13
Let f(q) = -2*q**2 - 16*q + 16*q + 2*q**3 - 3. Let d be f(2). Suppose y + 3 = d. List the prime factors of y.
2
Let l(s) = -4*s**3 + 89*s - 2. List the prime factors of l(-8).
2, 23, 29
Let m = -27 - -39. Let s = 8 - m. List the prime factors of 160/(-15)*21/s.
2, 7
Let n(d) = 8*d + 2 + 13*d + 9*d. Let w(z) = -59*z - 4. Let r(k) = 5*n(k) + 3*w(k). What are the prime factors of r(-1)?
5
Let q(v) = -v**2 + 5*v + 13. Let g be q(8). Let y = g + 53. Suppose 2*z - 4*a = y, 6*z - z = 3*a + 119. List the prime factors of z.
5
Let v be (-4)/(-2)*21/(-14). What are the prime factors of (18/v - -3) + 69?
2, 3, 11
Let m(r) = r + 5*r + 18 - 1 - r**2 - r. Let x be m(7). Suppose 0 = d + x*j - 54, 2*j + 158 = 5*d - 44. List the prime factors of d.
2, 3, 7
Let l(i) = -i**2 - 5*i - 30. Let z be l(11). List the prime factors of (2 - -1) + (5 - z).
2, 107
Let b be 2/12 - (-742)/84. Suppose b*g - 1562 = -230. What are the prime factors of g?
2, 37
Let z = -99 - -59. What are the prime factors of 3/12 + (-7950)/z?
199
Suppose 0 = -0*j + 3*j - 78. Suppose -j - 209 = -5*c. What are the prime factors of c?
47
Let k(s) = -2 + 3*s + 3 - 2. Let u be k(-3). List the prime factors of (-30 + -5)*4/u.
2, 7
Let l = 3003 + -179. List the prime factors of l.
2, 353
What are the prime factors of 31432/10 + 13 + (-1188)/90?
7, 449
Let g(w) = w**2 - 97*w - 64. List the prime factors of g(-32).
2, 127
Suppose 3*z - 2*b = -2*z + 17, 2*b = 8. Suppose -3*n + z*r = -14, 2*n - 4*r = -3*r. List the prime factors of -86*((-5)/n)/(-5).
43
Suppose 0*l + 481 = 13*l. Let v(h) = -11*h. Let p be v(-2). Let k = l - p. List the prime factors of k.
3, 5
Let k be (2 - 6 - -4) + 26*2. Suppose 146 = x - a, 781 = 5*x - 4*a + k. What are the prime factors of x?
5, 29
What are the prime factors of (-24)/((-4)/(-304)*-6)?
2, 19
Let u be 11*(-9)/(18/(-112)). What are the prime factors of ((-3)/(-6))/(7/u)?
2, 11
Let m(d) = d**3 + 12*d**2 + 9*d - 2. Let w be m(-11). Let a be (11 - w)/((-1)/3). Suppose -5*x - 7 +